{"id":2,"date":"2025-11-16T19:32:30","date_gmt":"2025-11-16T19:32:30","guid":{"rendered":"http:\/\/davidquere.com\/?page_id=2"},"modified":"2025-12-02T15:18:38","modified_gmt":"2025-12-02T15:18:38","slug":"sample-page","status":"publish","type":"page","link":"https:\/\/davidquere.com\/?page_id=2","title":{"rendered":"atelier david qu\u00e9r\u00e9 architectures"},"content":{"rendered":"\n<p>L&rsquo;atelier a \u00e9t\u00e9 cr\u00e9\u00e9 en 2025 par David Qu\u00e9r\u00e9, dipl\u00f4m\u00e9 d&rsquo;\u00e9tat de l&rsquo;\u00e9cole d&rsquo;architecture de bretagne en 2011, apr\u00e8s avoir parcouru individuellement et en \u00e9quipe le travail en r\u00e9habilitations de b\u00e2ti existant, David Qu\u00e9r\u00e9 lance en 2025 son atelier afin de r\u00e9pondre avec trois pr\u00e9occupations constantes : <br>poser la question du bon sens de l&rsquo;acte de construire, \u00e9viter l&rsquo;ajout de mati\u00e8re et s&rsquo;int\u00e9grer localement. <br><br><\/p>\n\n\n\n<p>Concentr\u00e9e sur des projets \u00e0 petite et moyenne \u00e9chelle, l&rsquo;atelier porte une attention particuli\u00e8re au d\u00e9tail et au suivi des travaux, dans le but d&rsquo;une satisfaction mutuelle entre intervenants. <br><\/p>\n\n\n\n<p>Sans ajout de mati\u00e8res graves et avec bon sens, l&rsquo;atelier r\u00e9pond au besoin de tout projet de l&rsquo;esquisse \u00e0 la livraison du chantier. <br><br><br><br><br><br><br><br><br><br><br><br><br><br><br><br><br><br><br><br><br><br><br><\/p>\n","protected":false},"excerpt":{"rendered":"<p>L&rsquo;atelier a \u00e9t\u00e9 cr\u00e9\u00e9 en 2025 par David Qu\u00e9r\u00e9, dipl\u00f4m\u00e9 d&rsquo;\u00e9tat de l&rsquo;\u00e9cole d&rsquo;architecture de bretagne en 2011, apr\u00e8s avoir parcouru individuellement et en \u00e9quipe le travail en r\u00e9habilitations de b\u00e2ti existant, David Qu\u00e9r\u00e9 lance en 2025 son atelier afin de r\u00e9pondre avec trois pr\u00e9occupations constantes : poser la question du bon sens de l&rsquo;acte [&hellip;]<\/p>\n","protected":false},"author":1,"featured_media":0,"parent":0,"menu_order":0,"comment_status":"closed","ping_status":"open","template":"","meta":{"footnotes":""},"class_list":["post-2","page","type-page","status-publish","hentry","missing-thumbnail"],"_links":{"self":[{"href":"https:\/\/davidquere.com\/index.php?rest_route=\/wp\/v2\/pages\/2","targetHints":{"allow":["GET"]}}],"collection":[{"href":"https:\/\/davidquere.com\/index.php?rest_route=\/wp\/v2\/pages"}],"about":[{"href":"https:\/\/davidquere.com\/index.php?rest_route=\/wp\/v2\/types\/page"}],"author":[{"embeddable":true,"href":"https:\/\/davidquere.com\/index.php?rest_route=\/wp\/v2\/users\/1"}],"replies":[{"embeddable":true,"href":"https:\/\/davidquere.com\/index.php?rest_route=%2Fwp%2Fv2%2Fcomments&post=2"}],"version-history":[{"count":4,"href":"https:\/\/davidquere.com\/index.php?rest_route=\/wp\/v2\/pages\/2\/revisions"}],"predecessor-version":[{"id":176,"href":"https:\/\/davidquere.com\/index.php?rest_route=\/wp\/v2\/pages\/2\/revisions\/176"}],"wp:attachment":[{"href":"https:\/\/davidquere.com\/index.php?rest_route=%2Fwp%2Fv2%2Fmedia&parent=2"}],"curies":[{"name":"wp","href":"https:\/\/api.w.org\/{rel}","templated":true}]}}